.
12
Let r(m) = -m**2 + 23*m - 24. What is r(22)?
-2
Let v(g) = 4*g + 2. Calculate v(-2).
-6
Let d(b) = -b**3 + 9*b**2 - 7*b + 28. Determine d(9).
-35
Let o(i) = i**3 - 17*i**2 + 15*i + 27. Calculate o(16).
11
Let s(g) = -g + 17. What is s(6)?
11
Let y(g) = -g**3 + 7*g**2 - 6*g - 3. Give y(6).
-3
Let c(w) = 29*w + 184. Determine c(-6).
10
Let s(c) = -44*c + 1. Calculate s(1).
-43
Let c(n) = -n**3 + 7*n**2 + n + 10. Determine c(7).
17
Let r(z) = 3*z - 7. Give r(3).
2
Let z(x) = 5*x**2 + 54*x + 5. Determine z(-11).
16
Let h(x) = -x**2 - 16*x + 142. What is h(-22)?
10
Let k(i) = -i - 9. Calculate k(14).
-23
Let y(n) = -21*n + 8. Determine y(-2).
50
Let v(d) = 310*d - 308. Determine v(1).
2
Let o(k) = -2*k + 5. What is o(-2)?
9
Let n(b) = b**3 + 35*b**2 + 33*b - 35. Calculate n(-34).
-1
Let m(k) = 11*k - 149. Determine m(13).
-6
Let w(m) = -m**3 - 5*m**2 - 1. Determine w(-4).
-17
Let j(n) = n**3 - 6*n**2 - 3*n + 15. Calculate j(6).
-3
Let z(f) = 40*f + 1. What is z(-1)?
-39
Let t(b) = -b**2 + 21. What is t(0)?
21
Let b(x) = x**3 + 26*x**2 + 22*x - 58. What is b(-25)?
17
Let m(t) = -3*t. Determine m(2).
-6
Let s(x) = -2*x**2 + 12*x + 34. Give s(-3).
-20
Let f(w) = -3*w**3 - 2*w**2 + 2*w - 2. Calculate f(-3).
55
Let i(g) = 3*g + 5. Calculate i(7).
26
Let f(x) = -8*x + 28. What is f(10)?
-52
Let o(u) = -u**3 + u**2 + 23*u + 6. What is o(-4)?
-6
Let g(f) = -f + 8. Determine g(5).
3
Let b(m) = 31*m - 160. What is b(9)?
119
Let o(b) = b**3 - 33*b**2 + 64*b - 65. Determine o(31).
-3
Let b(t) = -t + 3. Determine b(13).
-10
Let y(u) = -u**3 - 12*u**2 + 13*u - 8. What is y(-13)?
-8
Let k(p) = p**3 - 11*p**2 + 8*p + 20. Determine k(9).
-70
Let t(q) = -q - 22. Calculate t(-14).
-8
Let g(l) = l**3 + 2*l**2 + l + 1. Calculate g(-3).
-11
Let n(f) = -6*f - 62. What is n(-12)?
10
Let h(g) = -g**3 - 4*g**2 + 7*g + 5. What is h(-4)?
-23
Let j(x) = -x**3 - 4*x**2 + 2*x + 13. Give j(-3).
-2
Let d(s) = -s**3 + 3*s**2 - 4*s + 12. Determine d(5).
-58
Let n(t) = -t**3 - 10*t**2 - 7*t + 7. Determine n(-9).
-11
Let n(x) = 45*x - 1. Determine n(-1).
-46
Let i(r) = -r**3 - 13*r**2 + 25*r + 154. Determine i(-14).
0
Let v(h) = -h**2 + 13*h - 52. Determine v(5).
-12
Let k(q) = -11*q - 73. Calculate k(-8).
15
Let o(z) = -z**3 + 7*z**2 + z - 2. Calculate o(5).
53
Let i(f) = -3*f**2 - 5*f - 4. Determine i(-2).
-6
Let s(m) = m**3 - 2*m**2 - m - 8. Determine s(3).
-2
Let c(j) = 3*j**2 + 31*j - 11. Determine c(-11).
11
Let q(x) = 2*x**2 + 19*x + 9. Determine q(-6).
-33
Let i(h) = 4*h - 59. Determine i(14).
-3
Let x(n) = n + 4. Determine x(-3).
1
Let x(q) = q**3 - 4*q**2 + 10*q - 15. What is x(6)?
117
Let r(y) = 2*y + 16. Calculate r(-6).
4
Let s(x) = x**2 + 29*x + 47. Determine s(-28).
19
Let y(z) = z**3 - 9*z**2 + 4*z - 2. Determine y(8).
-34
Let p(h) = -h**2 - 5*h - 2. Give p(-4).
2
Let p(t) = 5*t**2 + 2*t. What is p(-3)?
39
Let x(n) = -3*n**2 + 6*n. Give x(7).
-105
Let b(z) = z**2 - 6*z + 16. Calculate b(4).
8
Let w(b) = -b**2 + 10*b - 22. Give w(5).
3
Let v(t) = 2*t**3 - t**2 - 6*t - 8. Determine v(0).
-8
Let s(q) = q**3 - 3*q**2 - 8*q - 9. Give s(5).
1
Let s(w) = w**3 + 5*w**2 + 2*w - 7. What is s(-5)?
-17
Let b(c) = -5*c - 163. Determine b(-34).
7
Let u(m) = m**3 - 12*m**2 - 14*m + 12. Calculate u(13).
-1
Let d(w) = w**2 + 10*w + 16. What is d(-6)?
-8
Let b(n) = -n**3 + 8*n**2 - 13*n + 5. Determine b(6).
-1
Let f(t) = -t**2 - 29*t - 169. Determine f(-8).
-1
Let t(h) = h**2 + 18*h - 27. Give t(-11).
-104
Let z(y) = 3*y**3 - 47*y**2 - 67*y - 13. What is z(17)?
4
Let n(u) = 3*u**3 + 38*u**2 - 12*u + 11. Give n(-13).
-2
Let c(i) = i - 6. Calculate c(4).
-2
Let j(w) = w**2 - 5*w - 9. What is j(10)?
41
Let y(z) = -z**2 - 15*z - 9. Determine y(-16).
-25
Let v(q) = -q**2 - 16*q - 17. Give v(-14).
11
Let a(x) = 6*x**2 - 22*x - 48. Calculate a(-2).
20
Let h(w) = -4*w + 3. Calculate h(1).
-1
Let o(y) = y**3 - y**2 - 5*y + 6. What is o(4)?
34
Let c(f) = -2*f**2 + 15*f - 1. What is c(6)?
17
Let j(a) = -2*a**2 - 4*a - 30. Calculate j(-5).
-60
Let b(d) = 9*d + 2. Give b(1).
11
Let k(l) = -4*l + 162. Calculate k(40).
2
Let o(n) = -n**2 + 5*n - 27. Determine o(7).
-41
Let g(z) = z**2 - 52*z - 171. Give g(55).
-6
Let a(b) = -b**2 + 20*b - 21. What is a(19)?
-2
Let q(c) = c**3 + 9*c**2 - 3. Calculate q(-4).
77
Let m(i) = 8*i - 56. Determine m(7).
0
Let j(v) = v**2 - 5*v - 7. Calculate j(8).
17
Let j(x) = 3*x - 8. Determine j(8).
16
Let c(i) = -i**3 + 3*i**2 + 11*i - 2. Give c(5).
3
Let o(l) = 7*l - 21. What is o(6)?
21
Let s(c) = c**3 - 8*c**2 - 3*c + 2. What is s(8)?
-22
Let c(s) = -12*s + 2. Calculate c(3).
-34
Let k(j) = 2*j. Give k(-6).
-12
Let l(y) = -13*y + 42. Determine l(4).
-10
Let w(n) = 2*n**2 - 11*n + 21. What is w(3)?
6
Let u(g) = 4*g**2 - 49*g + 16. Determine u(12).
4
Let v(w) = -2*w**2 + 28*w + 86. What is v(16)?
22
Let q(j) = 2*j**3 - 13*j**2 + 14*j + 1. Give q(1).
4
Let z(d) = d**2 - 3*d + 11. Give z(3).
11
Let h(y) = -y**3 + 4*y**2 + 10*y + 4. Calculate h(5).
29
Let o(y) = -y**2 + 22*y - 21. Give o(1).
0
Let i(y) = y**2 - 2*y - 7. Give i(-3).
8
Let o(a) = 2*a - 8. Determine o(-5).
-18
Let i(v) = 10*v - 7. Calculate i(3).
23
Let j(v) = -v**3 + 11*v**2 - 7*v - 7. Give j(4).
77
Let u(v) = -v + 10. Give u(9).
1
Let x(n) = -7*n + 9. What is x(-3)?
30
Let p(n) = -20*n - 247. Calculate p(-12).
-7
Let j(u) = -u**3 + 2*u**2 - 3*u + 2. What is j(2)?
-4
Let m(r) = 27*r + 46. Calculate m(-5).
-89
Let q(a) = -a**2 - 18*a - 16. Calculate q(-19).
-35
Let d(m) = 8*m + 3. Determine d(-1).
-5
Let z(j) = 10*j + 6. Determine z(-3).
-24
Let r(f) = -3*f + 58. Calculate r(19).
1
Let i(u) = 2*u**2 - u - 2. Give i(-1).
1
Let f(w) = -w**2 - 32*w + 13. Determine f(-33).
-20
Let m(h) = -24*h + 76. What is m(3)?
4
Let g(x) = x**3 - 2*x**2 - 2*x - 1. Give g(-2).
-13
Let h(l) = l**3 + 6*l**2 - 3*l - 4. Calculate h(-5).
36
Let b(h) = 7*h**2 - 112*h + 112. What is b(1)?
7
Let u(t) = -t**3 - 8*t**2 + 19*t - 5. Give u(-10).
5
Let f(y) = -6*y - 8. Determine f(-3).
10
Let f(q) = -q**3 + 6*q - 3. Give f(2).
1
Let i(r) = -r**3 + 2*r**2 - 2*r + 6. Calculate i(6).
-150
Let g(z) = 2*z**3 - 16*z**2 - 3*z + 6. Give g(8).
-18
Let n(p) = p**2 - 11*p - 49. What is n(14)?
-7
Let v(b) = b**3 - 10*b**2 + 2*b + 55. What is v(9)?
-8
Let z(g) = -12*g + 13. What is z(5)?
-47
Let z(k) = -k**3 + 5*k**2 - 6*k + 7. Calculate z(5).
-23
Let k(q) = -2*q - 11. Determine k(9).
-29
Let u(q) = 15*q + 37. What is u(-3)?
-8
Let t(v) = -v**3 - 6*v**2 + 13*v + 29. Calculate t(-7).
-13
Let p(k) = 3*k**3 + 22*k**2 + k - 38. Give p(-7).
4
Let a(f) = f**2 + 10*f + 11. Give a(-2).
-5
Let l(u) = u**3 + 9*u**2 - 12*u - 15. Determine l(-10).
5
Let h(g) = -g**3 + 10*g**2 + 12*g - 10. Determine h(11).
1
Let k(n) = -n**2 + 15*n - 28. Give k(3).
8
Let s(w) = -3*w**3 + 3*w**2 - 5*w + 4. Give s(2).
-18
Let k(i) = -7*i - 264. What is k(-37)?
-5
Let b(c) = c**3 - 4*c**2 - c + 3. Calculate b(4).
-1
Let x(b) = -b**2 + 10. What is x(-7)?
-39
Let t(p) = -p**3 + 4*p**2 - p + 2. What is t(4)?
-2
Let q(d) = 9*d + 12. What is q(-6)?
-42
Let u(d) = d**3 + 3*d**2 - 3*d + 2. Calculate u(2).
16
Let z(s) = -6*s - 78. What is z(-12)?
-6
Let r(n) = -16*n - 111. Give r(-10).
49
Let w(z) = -z**2 - 13*z - 28. Determine w(-5).
12
Let q(c) = 3*c + 26. Calculate q(-6).
8
Let t(g) = g**2 - 5*g + 5. Give t(4).
1
Let x(q) = q**2 + 2*q - 1. Determine x(4).
23
Let y(j) = 18*j**2 - 5*j - 6. Give y(-2).
76
Let p(o) = 17*o**2 + 5*o - 3. What is p(2)?
75
Let g(s) = -5*s - 2. Determine g(3).
-17
Let i(a) = 2*a**2 - 6*a - 7. What is i(5)?
13
Let y(o) = 37*o + 145. Determine y(-4).
-3
Let s(z) = 2*z**3 - 13*z**2 + 8*z - 5. Give s(6).
7
Let q(y) = -y**3 + 2*y + 31. Give q(0).
31
Let h(t) = 5*t**2 - 34*t + 19. What is h(6)?
-5
Let f(t) = -3*t**3 - 3*t**2 + 15*t + 26. What is f(-4)?
110
Let w(k) = 4*k + 30. Calculate w(-11).
-14
Let m(p) = -p**3 + 3*p**2 + 14*p - 17. Give m(5).
3
Let x(p) = p**3 + 4. What is x(-2)?
-4
Let w(c) = -c + 3. What is w(5)?
-2
Let u(c) = c**3 + 11*c**2 + 7*c - 20. What is u(-10)?
10
Let l(z) = 2*z**2 - 41*z - 168. Calculate l(24).
0
Let c(q) = 6*q + 109. What is c(0)?
109
Let z(i) = -26*i - 151. Give z(-6).
5
Let l(v) = -2*v**2 - 3*v + 6. Calculate l(-4).
-14
Let k(d) = -2*d**2 - 30*d - 86. Calculate k(-4).
2
Let d(f) = -68*f - 1150. Calculate d(-17).
6
Let j(n) = -n